 be the third derivative of 3*g**5/20 + g**4/24 - g**3/6 + 4*g**2. Let h be y(1). What is the remainder when 13 is divided by h + (1 - 2)*1?
5
Suppose 3*k - 64 = -k. Calculate the remainder when 28 is divided by k.
12
Suppose h + 6 = 72. What is the remainder when h is divided by 17?
15
Let r be 1/(-2)*6 + 6. Calculate the remainder when (r - 3) + 1*20 is divided by 11.
9
Suppose 0*n - 20 = -2*n. Let k(g) = g**2 - g + 2. Suppose 0 = -3*p - 12, 0*p - 2*p = 4*w. Calculate the remainder when n is divided by k(w).
2
What is the remainder when (-3)/(3/2) + 108/2 is divided by 18?
16
Let g(l) = l + 1. Let n be g(4). Suppose 0 = n*p - 5 - 5. Suppose 0 = -p*d - d + 39. What is the remainder when 25 is divided by d?
12
Let d(a) = 2*a**3 - 2*a**2 - 3*a + 2. Let h be d(2). Let u = 17 - h. What is the remainder when 25 is divided by u?
12
Let l be 7/1*6/(-2). Suppose -4*b + 20 = 4*y, -1 = y - 2. Calculate the remainder when 40/7 + (-6)/l is divided by b.
2
Suppose j - 2 = -25. Let s = j + -7. Let g = -18 - s. What is the remainder when 33 is divided by g?
9
Suppose -3*m + 6 + 6 = 0. Let f(o) = o**2. Let q be f(2). Suppose 29 = d - y, y + m*y = q*d - 114. What is the remainder when d is divided by 16?
15
Let v(o) = -o**3 - 8*o**2 + 7*o - 10. Suppose -5*c + 6*c + 9 = 0. Calculate the remainder when 14 is divided by v(c).
6
Suppose -4 = -3*y + 2. Suppose d = y*d - 41. What is the remainder when d is divided by ((-12)/(-15))/(4/70)?
13
What is the remainder when 4/((-6)/3) + 20 is divided by 4?
2
Let r(p) = p + 12. Let i = 17 + -26. Let d be r(i). Let x = 9 - d. What is the remainder when 11 is divided by x?
5
Let a = 400 - 285. Suppose -3*k + 8*k = a. Calculate the remainder when k is divided by 12.
11
Suppose 8*i - 164 = 124. Calculate the remainder when 106 is divided by i.
34
Let k = 25 - 37. Let o = k + 17. Calculate the remainder when 12 is divided by o.
2
Let m = -11 - -4. Let d = 10 + m. Calculate the remainder when 5 is divided by d.
2
Suppose -3*i + 3 = 0, 16*i - 13*i = y - 21. Let g be -1*6*1 + 2. Let q(h) = h**2 + 2*h + 5. Calculate the remainder when y is divided by q(g).
11
Let r = -2 - -15. Suppose 8*m - 9*m + 8 = 0. What is the remainder when r is divided by m?
5
Let r be (-2)/9 - 20/(-9). Suppose -f - r*b + 31 = 0, -2*f + 2*b + 49 = -1. Calculate the remainder when f is divided by 10.
7
Suppose 2*v - o - 8 = -2*v, -v + 5*o = -2. Suppose -5 = -2*g + 5. Let h = g - 2. What is the remainder when h is divided by v?
1
Suppose 0 = 4*h - 3*h, 3 = a + 4*h. Let s = a + -1. Suppose -n + 5 = -s. Calculate the remainder when 13 is divided by n.
6
Let d = 7 - 4. Let k = 3 - d. Let b = 3 + k. What is the remainder when 7 is divided by b?
1
Suppose -56 + 5 = -3*q. Suppose z = -z + 10. What is the remainder when q is divided by z?
2
Let f(z) = z**3 - 3*z**2 + 6*z - 7. Suppose 2*d = 197 - 147. Calculate the remainder when f(5) is divided by d.
23
Suppose 0 = 5*r + b - 19, 0*b = -4*r - 2*b + 14. What is the remainder when 16 is divided by r?
0
Suppose 4*u + 3*i + 5 = 0, -5*u + 4*i - 43 - 2 = 0. What is the remainder when 2 + 15 + 0/u is divided by 7?
3
Suppose -2*w - 2 = -w + 2*p, -2*p - 2 = -3*w. Suppose w = -a - 28 + 35. Calculate the remainder when 12 is divided by a.
5
Suppose 0 = 3*q - 3*w - 522, -4*q + 3*w + 692 = -0*w. Suppose q = 3*y + 2*y. What is the remainder when y is divided by 246/21 + 6/21?
10
Suppose 91 = 3*u - j, -j - 112 = -4*u - 2*j. Calculate the remainder when u is divided by (-3 - -4)/(1/10).
9
Let i = 85 + -56. Calculate the remainder when i is divided by 11.
7
Let u(d) = -d**3 - 2*d**2 + 2*d + 3. Let x be u(-3). Suppose 3*b - x*b = 0. Suppose b = -3*i - 0*i + 24. What is the remainder when 23 is divided by i?
7
Suppose -7*v - 470 = -2*v. Calculate the remainder when v/(-3) + 5/(-15) is divided by 11.
9
Suppose 364 = 5*f - 1. Let k = f + -39. What is the remainder when k is divided by 18?
16
Let f(h) = h**2 + 5*h + 4. Let y be f(-5). Suppose 0 = -y*g + 2*g + 48. Let a(l) = 6*l + 3. Calculate the remainder when g is divided by a(1).
6
Suppose 5*m = -0*m - 2340. Calculate the remainder when (-4)/14 + (-564)/(-14) is divided by (-2)/11 - m/33.
12
Let i = 50 + -36. Calculate the remainder when 136 is divided by i.
10
Let s(i) = 6*i + 1. Let p be ((-10)/(-4))/((-3)/(-6)). Suppose 20 = -0*j + p*j. Calculate the remainder when s(1) is divided by j.
3
What is the remainder when 33 is divided by (17 + 1)*(-1)/(-2)*2?
15
Let q = 6 + -12. Let x = -2 - q. Let z(w) = -w**2 + 7*w - 3. What is the remainder when x is divided by z(6)?
1
Suppose -8*l - 198 = -5*l. Calculate the remainder when (-2850)/l + (-4)/22 is divided by 11.
10
Let b(v) = v**2 - 4*v + 6. What is the remainder when 106 is divided by b(7)?
25
Let a(l) = 3*l**3 + 2*l**2 + 2*l - 3. What is the remainder when 10 is divided by a(1)?
2
Suppose -5*h = -4*q - h + 8, 4*q + 10 = -5*h. Let p be 0*(q + 1/(-2)). Let x(n) = n + 43. Calculate the remainder when x(p) is divided by 15.
13
Let u = 3 + 2. Suppose 5 - 45 = -u*f. Suppose 3*h = -2*p + 36 - 12, h = p + f. Calculate the remainder when 14 is divided by h.
6
Let z(c) = -13*c - 2. What is the remainder when z(-2) is divided by 13?
11
Calculate the remainder when -15*-2*(2 - 33/30) is divided by 15.
12
Suppose 0 = 5*g + 2 + 13. Let b(j) = -4*j**3 + 5*j + 3. Let y be b(g). Let t = -68 + y. What is the remainder when t is divided by 10?
8
Let i(t) = t**3 + 14*t**2 + 14*t + 26. Let o = 34 + -10. Calculate the remainder when o is divided by i(-13).
11
Suppose 5*p - 4*r - 80 = 0, -21 = -4*p - 4*r + 43. What is the remainder when p is divided by 9?
7
Suppose 2*k - 2*y + 0*y - 12 = 0, 3*k + 5*y = 34. Calculate the remainder when 23 is divided by k.
7
Let f(o) = o**2 + 9*o - 17. Calculate the remainder when 56 is divided by f(-12).
18
Suppose 0 = -4*y + 3*h - 23, 2*y - h - 3*h = -4. Let d(q) = -2*q - 6. Calculate the remainder when d(y) is divided by 6.
4
Let r = -287 + 818. Calculate the remainder when r/7 - (-1)/7 is divided by 26.
24
Let k be 40/22 - 4/(-22). Suppose h + 3*z = 71, 2*h + 27 = -k*z + 157. Let r(c) = 4*c + 4. Calculate the remainder when h is divided by r(3).
14
Suppose -5*a + 0*a = -5*v - 85, -4*a - 3*v + 89 = 0. Calculate the remainder when 41 is divided by a.
1
Let i(f) = f**3 + 13*f**2 - 11*f - 25. What is the remainder when i(-13) is divided by 8?
6
Suppose -3*i = l - 7, -3*l - 9 = -0*i - i. Let k be (5*-1)/((-1)/(-2)). Calculate the remainder when i is divided by (-6)/(-15) + (-16)/k.
1
Let v = -17 - -29. Calculate the remainder when (-184)/(-6)*(-36)/(-24) is divided by v.
10
Let f be -2 - 3/((-9)/78). Let s = -17 + f. Calculate the remainder when s is divided by 2.
1
Suppose -3*j + 1 = -5. Suppose -j*c = 2*c - 4. Suppose a + 2*m = -m + c, 0 = -4*m - 8. Calculate the remainder when 12 is divided by a.
5
Suppose 6*a = 3*a + 2*h + 69, -a + h = -23. Calculate the remainder when 43 is divided by a.
20
What is the remainder when (1 + -2)/((-2)/76) is divided by 2/(-6) - (-558)/54?
8
Suppose -3*d + 59 = 2*h, 0*h - 3*h - 4*d = -91. Calculate the remainder when h is divided by 13.
11
Let d = 3 - -2. Calculate the remainder when 7 is divided by d.
2
Let g be (-1)/(-2)*(4 - -2). What is the remainder when 4 is divided by ((-12)/(-18))/(1/g)?
0
What is the remainder when 20 - (1 - (-4 - -8)) is divided by 12?
11
Let z be 1/4 - (-55)/20. Suppose 0 = -i + 4*n, -z*i - n = -9 - 4. What is the remainder when 10 is divided by i?
2
Suppose 4*f + 0 - 12 = 0. Suppose f*k + k - 200 = 0. What is the remainder when k is divided by 17?
16
Suppose -5*b - 278 = -1408. What is the remainder when b is divided by 38?
36
Let k(d) = d**2 + 4*d - 6. Suppose b + 1 = 16. What is the remainder when b is divided by k(-6)?
3
Suppose 6 = -0*c + 2*c. Let y = c + 28. Calculate the remainder when y is divided by 11.
9
Let h(j) = -j**2 - 7*j + 6. Let n = 30 + -14. What is the remainder when n is divided by h(-7)?
4
Suppose -28*y + 30*y - 8 = 0. Calculate the remainder when 5 is divided by y.
1
Let h = -84 + 155. Calculate the remainder when h is divided by 24.
23
Suppose -2*z + 108 + 40 = 0. Suppose z - 22 = m. What is the remainder when m is divided by 18?
16
Let h(a) = -2*a + 7. Let l be h(5). Let n be (l/2)/(1/(-2)). Suppose 0 = 3*w - 0 - n. What is the remainde